{"id":7,"date":"2010-04-20T09:29:02","date_gmt":"2010-04-20T09:29:02","guid":{"rendered":"http:\/\/michelogier.net\/?page_id=2"},"modified":"2021-11-30T11:39:54","modified_gmt":"2021-11-30T10:39:54","slug":"a-propos","status":"publish","type":"page","link":"https:\/\/www.michelogier.net\/index.php\/a-propos\/","title":{"rendered":"\u00c0 propos de Michel Ogier"},"content":{"rendered":"\n<p>Michel Ogier, photographe ind\u00e9pendant, r\u00e9alise des vid\u00e9os.<\/p>\n\n\n\n<div class=\"wp-block-image\"><figure class=\"alignleft size-medium\"><img width=\"227\" height=\"300\" src=\"https:\/\/www.michelogier.net\/wp-content\/uploads\/2021\/11\/michelogierportrait-227x300.jpg\" alt=\"\" class=\"wp-image-1191\" srcset=\"https:\/\/www.michelogier.net\/wp-content\/uploads\/2021\/11\/michelogierportrait-227x300.jpg 227w, https:\/\/www.michelogier.net\/wp-content\/uploads\/2021\/11\/michelogierportrait-768x1015.jpg 768w, https:\/\/www.michelogier.net\/wp-content\/uploads\/2021\/11\/michelogierportrait.jpg 757w\" sizes=\"(max-width: 227px) 100vw, 227px\" \/><\/figure><\/div>\n\n\n\n<p>S\u00e9rie \u00ab\u00a0Maisons basse consommation\u00a0\u00bb : r\u00e9alis\u00e9e \u00e0 l\u2019occasion de la parution du livre \u00ab 20 maisons \u00e0 \u00e9conomie d\u2019\u00e9nergie \u00bb aux \u00e9ditions Ouest-France,\u00a0 textes de Anne-Elisabeth Bertucci (photographies : Michel Ogier).<\/p>\n\n\n\n<p>S\u00e9rie \u00ab\u00a0Ethique\u00a0\u00bb (en cours) : regroupera une s\u00e9rie d\u2019interventions d&rsquo;intellectuels, philosophes, psychologues, sociologues, gens d\u2019\u00e9glise&#8230; sur des sujets d\u2019\u00e9thique et de bio\u00e9thique.<\/p>\n\n\n\n<p>&nbsp;&nbsp;<\/p>\n","protected":false},"excerpt":{"rendered":"<p>Michel Ogier, photographe ind\u00e9pendant, r\u00e9alise des vid\u00e9os. S\u00e9rie \u00ab\u00a0Maisons basse consommation\u00a0\u00bb : r\u00e9alis\u00e9e \u00e0 l\u2019occasion de la parution du livre \u00ab 20 maisons \u00e0 \u00e9conomie d\u2019\u00e9nergie \u00bb aux \u00e9ditions Ouest-France,\u00a0 textes de Anne-Elisabeth Bertucci (photographies : Michel Ogier). S\u00e9rie \u00ab\u00a0Ethique\u00a0\u00bb (en cours) : regroupera une s\u00e9rie d\u2019interventions d&rsquo;intellectuels, philosophes, psychologues, sociologues, gens d\u2019\u00e9glise&#8230; sur des &hellip; <\/p>\n<p class=\"link-more\"><a href=\"https:\/\/www.michelogier.net\/index.php\/a-propos\/\" class=\"more-link\">Continuer la lecture<span class=\"screen-reader-text\"> de &laquo;&nbsp;\u00c0 propos de Michel Ogier&nbsp;&raquo;<\/span><\/a><\/p>\n","protected":false},"author":3,"featured_media":0,"parent":0,"menu_order":1,"comment_status":"closed","ping_status":"open","template":"","meta":[],"yoast_head":"<!-- This site is optimized with the Yoast SEO plugin v17.7 - https:\/\/yoast.com\/wordpress\/plugins\/seo\/ -->\n<title>\u00c0 propos de Michel Ogier - Michel Ogier<\/title>\n<meta name=\"robots\" content=\"index, follow, max-snippet:-1, max-image-preview:large, max-video-preview:-1\" \/>\n<link rel=\"canonical\" href=\"https:\/\/www.michelogier.net\/index.php\/a-propos\/\" \/>\n<meta property=\"og:locale\" content=\"fr_FR\" \/>\n<meta property=\"og:type\" content=\"article\" \/>\n<meta property=\"og:title\" content=\"\u00c0 propos de Michel Ogier - Michel Ogier\" \/>\n<meta property=\"og:description\" content=\"Michel Ogier, photographe ind\u00e9pendant, r\u00e9alise des vid\u00e9os. S\u00e9rie \u00ab\u00a0Maisons basse consommation\u00a0\u00bb : r\u00e9alis\u00e9e \u00e0 l\u2019occasion de la parution du livre \u00ab 20 maisons \u00e0 \u00e9conomie d\u2019\u00e9nergie \u00bb aux \u00e9ditions Ouest-France,\u00a0 textes de Anne-Elisabeth Bertucci (photographies : Michel Ogier). S\u00e9rie \u00ab\u00a0Ethique\u00a0\u00bb (en cours) : regroupera une s\u00e9rie d\u2019interventions d&rsquo;intellectuels, philosophes, psychologues, sociologues, gens d\u2019\u00e9glise&#8230; sur des &hellip; Continuer la lecture de &laquo;&nbsp;\u00c0 propos de Michel Ogier&nbsp;&raquo;\" \/>\n<meta property=\"og:url\" content=\"https:\/\/www.michelogier.net\/index.php\/a-propos\/\" \/>\n<meta property=\"og:site_name\" content=\"Michel Ogier\" \/>\n<meta property=\"article:publisher\" content=\"https:\/\/www.facebook.com\/michel.ogier.35\/\" \/>\n<meta property=\"article:modified_time\" content=\"2021-11-30T10:39:54+00:00\" \/>\n<meta property=\"og:image\" content=\"https:\/\/www.michelogier.net\/wp-content\/uploads\/2021\/11\/michelogierportrait-227x300.jpg\" \/>\n<meta name=\"twitter:card\" content=\"summary_large_image\" \/>\n<meta name=\"twitter:label1\" content=\"Dur\u00e9e de lecture estim\u00e9e\" \/>\n\t<meta name=\"twitter:data1\" content=\"1 minute\" \/>\n<script type=\"application\/ld+json\" class=\"yoast-schema-graph\">{\"@context\":\"https:\/\/schema.org\",\"@graph\":[{\"@type\":\"WebSite\",\"@id\":\"https:\/\/www.michelogier.net\/#website\",\"url\":\"https:\/\/www.michelogier.net\/\",\"name\":\"Michel Ogier\",\"description\":\"Photo et vid\\u00e9o\",\"potentialAction\":[{\"@type\":\"SearchAction\",\"target\":{\"@type\":\"EntryPoint\",\"urlTemplate\":\"https:\/\/www.michelogier.net\/?s={search_term_string}\"},\"query-input\":\"required name=search_term_string\"}],\"inLanguage\":\"fr-FR\"},{\"@type\":\"ImageObject\",\"@id\":\"https:\/\/www.michelogier.net\/index.php\/a-propos\/#primaryimage\",\"inLanguage\":\"fr-FR\",\"url\":\"https:\/\/www.michelogier.net\/wp-content\/uploads\/2021\/11\/michelogierportrait.jpg\",\"contentUrl\":\"https:\/\/www.michelogier.net\/wp-content\/uploads\/2021\/11\/michelogierportrait.jpg\",\"width\":757,\"height\":1000},{\"@type\":\"WebPage\",\"@id\":\"https:\/\/www.michelogier.net\/index.php\/a-propos\/#webpage\",\"url\":\"https:\/\/www.michelogier.net\/index.php\/a-propos\/\",\"name\":\"\\u00c0 propos de Michel Ogier - Michel Ogier\",\"isPartOf\":{\"@id\":\"https:\/\/www.michelogier.net\/#website\"},\"primaryImageOfPage\":{\"@id\":\"https:\/\/www.michelogier.net\/index.php\/a-propos\/#primaryimage\"},\"datePublished\":\"2010-04-20T09:29:02+00:00\",\"dateModified\":\"2021-11-30T10:39:54+00:00\",\"breadcrumb\":{\"@id\":\"https:\/\/www.michelogier.net\/index.php\/a-propos\/#breadcrumb\"},\"inLanguage\":\"fr-FR\",\"potentialAction\":[{\"@type\":\"ReadAction\",\"target\":[\"https:\/\/www.michelogier.net\/index.php\/a-propos\/\"]}]},{\"@type\":\"BreadcrumbList\",\"@id\":\"https:\/\/www.michelogier.net\/index.php\/a-propos\/#breadcrumb\",\"itemListElement\":[{\"@type\":\"ListItem\",\"position\":1,\"name\":\"Accueil\",\"item\":\"https:\/\/www.michelogier.net\/\"},{\"@type\":\"ListItem\",\"position\":2,\"name\":\"\\u00c0 propos de Michel Ogier\"}]}]}<\/script>\n<!-- \/ Yoast SEO plugin. -->","yoast_head_json":{"title":"\u00c0 propos de Michel Ogier - Michel Ogier","robots":{"index":"index","follow":"follow","max-snippet":"max-snippet:-1","max-image-preview":"max-image-preview:large","max-video-preview":"max-video-preview:-1"},"canonical":"https:\/\/www.michelogier.net\/index.php\/a-propos\/","og_locale":"fr_FR","og_type":"article","og_title":"\u00c0 propos de Michel Ogier - Michel Ogier","og_description":"Michel Ogier, photographe ind\u00e9pendant, r\u00e9alise des vid\u00e9os. S\u00e9rie \u00ab\u00a0Maisons basse consommation\u00a0\u00bb : r\u00e9alis\u00e9e \u00e0 l\u2019occasion de la parution du livre \u00ab 20 maisons \u00e0 \u00e9conomie d\u2019\u00e9nergie \u00bb aux \u00e9ditions Ouest-France,\u00a0 textes de Anne-Elisabeth Bertucci (photographies : Michel Ogier). S\u00e9rie \u00ab\u00a0Ethique\u00a0\u00bb (en cours) : regroupera une s\u00e9rie d\u2019interventions d&rsquo;intellectuels, philosophes, psychologues, sociologues, gens d\u2019\u00e9glise&#8230; sur des &hellip; Continuer la lecture de &laquo;&nbsp;\u00c0 propos de Michel Ogier&nbsp;&raquo;","og_url":"https:\/\/www.michelogier.net\/index.php\/a-propos\/","og_site_name":"Michel Ogier","article_publisher":"https:\/\/www.facebook.com\/michel.ogier.35\/","article_modified_time":"2021-11-30T10:39:54+00:00","og_image":[{"url":"https:\/\/www.michelogier.net\/wp-content\/uploads\/2021\/11\/michelogierportrait-227x300.jpg"}],"twitter_card":"summary_large_image","twitter_misc":{"Dur\u00e9e de lecture estim\u00e9e":"1 minute"},"schema":{"@context":"https:\/\/schema.org","@graph":[{"@type":"WebSite","@id":"https:\/\/www.michelogier.net\/#website","url":"https:\/\/www.michelogier.net\/","name":"Michel Ogier","description":"Photo et vid\u00e9o","potentialAction":[{"@type":"SearchAction","target":{"@type":"EntryPoint","urlTemplate":"https:\/\/www.michelogier.net\/?s={search_term_string}"},"query-input":"required name=search_term_string"}],"inLanguage":"fr-FR"},{"@type":"ImageObject","@id":"https:\/\/www.michelogier.net\/index.php\/a-propos\/#primaryimage","inLanguage":"fr-FR","url":"https:\/\/www.michelogier.net\/wp-content\/uploads\/2021\/11\/michelogierportrait.jpg","contentUrl":"https:\/\/www.michelogier.net\/wp-content\/uploads\/2021\/11\/michelogierportrait.jpg","width":757,"height":1000},{"@type":"WebPage","@id":"https:\/\/www.michelogier.net\/index.php\/a-propos\/#webpage","url":"https:\/\/www.michelogier.net\/index.php\/a-propos\/","name":"\u00c0 propos de Michel Ogier - Michel Ogier","isPartOf":{"@id":"https:\/\/www.michelogier.net\/#website"},"primaryImageOfPage":{"@id":"https:\/\/www.michelogier.net\/index.php\/a-propos\/#primaryimage"},"datePublished":"2010-04-20T09:29:02+00:00","dateModified":"2021-11-30T10:39:54+00:00","breadcrumb":{"@id":"https:\/\/www.michelogier.net\/index.php\/a-propos\/#breadcrumb"},"inLanguage":"fr-FR","potentialAction":[{"@type":"ReadAction","target":["https:\/\/www.michelogier.net\/index.php\/a-propos\/"]}]},{"@type":"BreadcrumbList","@id":"https:\/\/www.michelogier.net\/index.php\/a-propos\/#breadcrumb","itemListElement":[{"@type":"ListItem","position":1,"name":"Accueil","item":"https:\/\/www.michelogier.net\/"},{"@type":"ListItem","position":2,"name":"\u00c0 propos de Michel Ogier"}]}]}},"_links":{"self":[{"href":"https:\/\/www.michelogier.net\/index.php\/wp-json\/wp\/v2\/pages\/7"}],"collection":[{"href":"https:\/\/www.michelogier.net\/index.php\/wp-json\/wp\/v2\/pages"}],"about":[{"href":"https:\/\/www.michelogier.net\/index.php\/wp-json\/wp\/v2\/types\/page"}],"author":[{"embeddable":true,"href":"https:\/\/www.michelogier.net\/index.php\/wp-json\/wp\/v2\/users\/3"}],"replies":[{"embeddable":true,"href":"https:\/\/www.michelogier.net\/index.php\/wp-json\/wp\/v2\/comments?post=7"}],"version-history":[{"count":5,"href":"https:\/\/www.michelogier.net\/index.php\/wp-json\/wp\/v2\/pages\/7\/revisions"}],"predecessor-version":[{"id":1198,"href":"https:\/\/www.michelogier.net\/index.php\/wp-json\/wp\/v2\/pages\/7\/revisions\/1198"}],"wp:attachment":[{"href":"https:\/\/www.michelogier.net\/index.php\/wp-json\/wp\/v2\/media?parent=7"}],"curies":[{"name":"wp","href":"https:\/\/api.w.org\/{rel}","templated":true}]}}